565747
What are the prime factors of 142448994?
2, 3, 7913833
List the prime factors of 431467816.
2, 13, 319133
List the prime factors of 107967658.
2, 23, 113, 20771
List the prime factors of 7161811058.
2, 29, 123479501
What are the prime factors of 1533465787?
7, 1153, 189997
List the prime factors of 592084759.
7, 43, 1151, 1709
List the prime factors of 607857633.
3, 19, 3554723
List the prime factors of 718593290.
2, 5, 71859329
What are the prime factors of 1668906194?
2, 109, 7655533
List the prime factors of 1956323856.
2, 3, 41, 994067
List the prime factors of 331458928.
2, 17, 167, 7297
What are the prime factors of 5296481305?
5, 131, 2011, 4021
List the prime factors of 45600924.
2, 3, 113, 33629
List the prime factors of 226614956.
2, 56653739
What are the prime factors of 150318843?
3, 59, 107, 7937
What are the prime factors of 561818699?
13, 3324371
List the prime factors of 8345753556.
2, 3, 7, 43, 2310563
What are the prime factors of 1102339440?
2, 3, 5, 1531027
List the prime factors of 1118366448.
2, 3, 19, 233, 277
What are the prime factors of 667392611?
667392611
What are the prime factors of 386014576?
2, 24125911
List the prime factors of 1654527422.
2, 827263711
List the prime factors of 2599707505.
5, 37, 53, 265141
List the prime factors of 566421598.
2, 23, 12313513
List the prime factors of 4581979178.
2, 7, 23, 29, 71, 6911
What are the prime factors of 170596648?
2, 659, 32359
List the prime factors of 2447986712.
2, 305998339
List the prime factors of 95175625.
5, 197, 773
What are the prime factors of 527433219?
3, 58603691
List the prime factors of 644527081.
11, 1447, 40493
What are the prime factors of 59445310?
2, 5, 37, 160663
List the prime factors of 175267740.
2, 3, 5, 2921129
List the prime factors of 681849472.
2, 97, 54917
What are the prime factors of 3796285469?
8627, 440047
What are the prime factors of 435207347?
435207347
What are the prime factors of 2308181959?
19, 53, 67, 34211
List the prime factors of 239051117.
37, 1187, 5443
List the prime factors of 751876958.
2, 7, 53705497
List the prime factors of 124286184.
2, 3, 11, 17, 181
List the prime factors of 700563520.
2, 5, 197, 11113
List the prime factors of 33769765.
5, 6753953
List the prime factors of 30459783.
3, 10153261
List the prime factors of 2397134660.
2, 5, 71, 1688123
List the prime factors of 2457923072.
2, 11, 29, 101, 149
List the prime factors of 39682732.
2, 9920683
What are the prime factors of 43855080?
2, 3, 5, 31, 11789
List the prime factors of 1258885744.
2, 78680359
What are the prime factors of 59964887?
23, 2607169
What are the prime factors of 957829326?
2, 3, 601, 265621
What are the prime factors of 703736706?
2, 3, 19, 89, 139, 499
List the prime factors of 34752442.
2, 3469, 5009
What are the prime factors of 5477120279?
5477120279
What are the prime factors of 4893223021?
23, 491, 18839
List the prime factors of 89069127.
3, 7, 131, 32377
List the prime factors of 79123990.
2, 5, 11, 593, 1213
List the prime factors of 308105820.
2, 3, 5, 11, 155609
What are the prime factors of 1570489416?
2, 3, 21812353
What are the prime factors of 787814084?
2, 179, 181, 6079
What are the prime factors of 146702239?
617, 237767
What are the prime factors of 2681322972?
2, 3, 4951, 45131
List the prime factors of 975124364.
2, 73, 3339467
List the prime factors of 770521199.
7, 110074457
List the prime factors of 5600932.
2, 67, 20899
List the prime factors of 103593161.
7, 1669, 8867
List the prime factors of 3882355593.
3, 283, 631, 7247
List the prime factors of 185692870.
2, 5, 11, 17, 199, 499
List the prime factors of 111713484.
2, 3, 23, 43, 9413
List the prime factors of 21169644.
2, 3, 71, 24847
List the prime factors of 139463447.
139463447
What are the prime factors of 189774345?
3, 5, 12651623
What are the prime factors of 1827456331?
1827456331
What are the prime factors of 412202422?
2, 37, 5570303
List the prime factors of 460738857.
3, 153579619
What are the prime factors of 113188242?
2, 3, 89, 127, 1669
List the prime factors of 40154547.
3, 71, 188519
List the prime factors of 413064812.
2, 103266203
List the prime factors of 61192742.
2, 13, 23, 102329
List the prime factors of 2089813112.
2, 261226639
List the prime factors of 175045749.
3, 58348583
List the prime factors of 49499978.
2, 11, 19, 79, 1499
What are the prime factors of 143047328?
2, 37, 120817
What are the prime factors of 236150048?
2, 7379689
List the prime factors of 489371646.
2, 3, 61, 199, 6719
What are the prime factors of 130504150?
2, 5, 7, 53267
What are the prime factors of 578245655?
5, 13, 71, 107, 1171
What are the prime factors of 1131878472?
2, 3, 41, 197, 5839
List the prime factors of 562456965.
3, 5, 7, 127, 42179
List the prime factors of 113230647.
3, 12581183
List the prime factors of 117032439.
3, 39010813
What are the prime factors of 268473574?
2, 134236787
List the prime factors of 59374909.
11, 5397719
What are the prime factors of 1940008503?
3, 646669501
List the prime factors of 1673138455.
5, 41, 113, 72227
List the prime factors of 2030604926.
2, 7, 701, 206909
What are the prime factors of 21407449?
7, 1151, 2657
List the prime factors of 1062412437.
3, 227, 1560077
What are the prime factors of 24249463?
7, 17, 43, 677
What are the prime factors of 71455534?
2, 127, 281321
What are the prime factors of 47583177?
3, 15861059
What are the prime factors of 1193457203?
19, 62813537
What are the prime factors of 646661042?
2, 71, 4553951
List the prime factors of 918325160.
2, 5, 709, 32381
List the prime factors of 7764578518.
2, 3882289259
List the prime factors of 125982236.
2, 19, 1657661
List the prime factors of 83226788.
2, 23, 167, 5417
What are the prime factors of 2096735291?
7, 19, 829733
What are the prime factors of 83260929?
3, 487, 56989
What are the prime factors of 419433414?
2, 3, 53, 1318973
What are the prime factors of 1702037666?
2, 7, 29, 37, 3907
List the prime factors of 902166667.
902166667
List the prime factors of 71582994.
2, 3, 7, 19, 9967
List the prime factors of 230084056.
2, 37, 43, 18077
List the prime factors of 3533875.
5, 17, 1663
List the prime factors of 22635333.
3, 7, 359291
List the prime factors of 79103934.
2, 3, 7, 13, 6899
What are the prime factors of 400777534?
2, 71, 2822377
What are the prime factors of 79763270?
2, 5, 7976327
List the prime factors of 34487406.
2, 3, 757, 2531
List the prime factors of 120435092.
2, 30108773
List the prime factors of 1020055159.
43, 23722213
What are the prime factors of 11848446?
2, 3, 658247
What are the prime factors of 87471565?
5, 79, 221447
List the prime factors of 619702368.
2, 3, 6455233
List the prime factors of 518529584.
2, 32408099
List the prime factors of 43479994.
2, 1499, 14503
List the prime factors of 166544642.
2, 11, 688201
What are the prime factors of 782075862?
2, 3, 43448659
List the prime factors of 4597623710.
2, 5, 459762371
What are the prime factors of 29454634?
2, 11, 71, 109, 173
What are the prime factors of 2834879624?
2, 137, 2586569
What are the prime factors of 7273923?
3, 43, 113, 499
What are the prime factors of 171926116?
2, 42981529
List the prime factors of 1626593563.
7, 107, 199, 1559
What are the prime factors of 24760951?
24760951
What are the prime factors of 6273394?
2, 397, 7901
List the prime factors of 857554753.
11, 77959523
List the prime factors of 118450606.
2, 59225303
List the prime factors of 490478153.
11, 71, 628013
What are the prime factors of 525643568?
2, 839, 39157
List the prime factors of 934041711.
3, 311347237
What are the prime factors of 412655175?
3, 5, 89, 6869
What are the prime factors of 5748014360?
2, 5, 11, 97, 134677
What are the prime factors of 59899476?
2, 3, 7, 13, 19, 2887
List the prime factors of 470056667.
61, 7705847
What are the prime factors of 1988688227?
1988688227
List the prime factors of 453998877.
3, 151332959
What are the prime factors of 80864848?
2, 5054053
List the prime factors of 3174842031.
3, 19, 229, 243227
List the prime factors of 1328214562.
2, 181, 3669101
What are the prime factors of 219865795?
5, 31, 113, 12553
List the prime factors of 80435425.
5, 7, 459631
What are the prime factors of 3823251778?
